{"id":287,"date":"2021-09-21T20:29:39","date_gmt":"2021-09-21T18:29:39","guid":{"rendered":"https:\/\/cardinal-mueller.com\/?page_id=287"},"modified":"2021-09-22T12:12:30","modified_gmt":"2021-09-22T10:12:30","slug":"portuguese","status":"publish","type":"page","link":"https:\/\/cardinal-mueller.com\/index.php\/publications\/books\/portuguese\/","title":{"rendered":"Portuguese"},"content":{"rendered":"\n<figure class=\"wp-block-image size-medium\"><img fetchpriority=\"high\" decoding=\"async\" width=\"246\" height=\"300\" src=\"https:\/\/cardinal-mueller.com\/wp-content\/uploads\/2021\/09\/9119iTBEYRL-246x300.jpeg\" alt=\"\" class=\"wp-image-546\" srcset=\"https:\/\/cardinal-mueller.com\/wp-content\/uploads\/2021\/09\/9119iTBEYRL-246x300.jpeg 246w, https:\/\/cardinal-mueller.com\/wp-content\/uploads\/2021\/09\/9119iTBEYRL-838x1024.jpeg 838w, https:\/\/cardinal-mueller.com\/wp-content\/uploads\/2021\/09\/9119iTBEYRL-768x938.jpeg 768w, https:\/\/cardinal-mueller.com\/wp-content\/uploads\/2021\/09\/9119iTBEYRL-1258x1536.jpeg 1258w, https:\/\/cardinal-mueller.com\/wp-content\/uploads\/2021\/09\/9119iTBEYRL-1677x2048.jpeg 1677w\" sizes=\"(max-width: 246px) 100vw, 246px\" \/><\/figure>\n\n\n<h6 id=\"title\" class=\"a-spacing-none a-text-normal\"><span id=\"productTitle\" class=\"a-size-extra-large\"><em>Dogm\u00e1tica Cat\u00f3lica. Teoria e Pr\u00e1tica da Teologia<\/em>, 2015.<\/span><\/h6>\n\n\n<hr class=\"wp-block-separator is-style-wide\"\/>\n\n\n\n<figure class=\"wp-block-image size-medium\"><img decoding=\"async\" width=\"201\" height=\"300\" src=\"https:\/\/cardinal-mueller.com\/wp-content\/uploads\/2021\/09\/81ks2KL0MUL-201x300.jpeg\" alt=\"\" class=\"wp-image-548\" srcset=\"https:\/\/cardinal-mueller.com\/wp-content\/uploads\/2021\/09\/81ks2KL0MUL-201x300.jpeg 201w, https:\/\/cardinal-mueller.com\/wp-content\/uploads\/2021\/09\/81ks2KL0MUL-686x1024.jpeg 686w, https:\/\/cardinal-mueller.com\/wp-content\/uploads\/2021\/09\/81ks2KL0MUL-768x1146.jpeg 768w, https:\/\/cardinal-mueller.com\/wp-content\/uploads\/2021\/09\/81ks2KL0MUL-1030x1536.jpeg 1030w, https:\/\/cardinal-mueller.com\/wp-content\/uploads\/2021\/09\/81ks2KL0MUL-1373x2048.jpeg 1373w, https:\/\/cardinal-mueller.com\/wp-content\/uploads\/2021\/09\/81ks2KL0MUL.jpeg 1716w\" sizes=\"(max-width: 201px) 100vw, 201px\" \/><\/figure>\n\n\n<h6 id=\"title\" class=\"a-spacing-none a-text-normal\"><span id=\"productTitle\" class=\"a-size-extra-large\"><em>Pobre Para os Pobres. A Miss\u00e3o da Igreja<\/em>, 2014.<\/span><\/h6>\n\n\n<hr class=\"wp-block-separator is-style-wide\"\/>\n\n\n\n<figure class=\"wp-block-image size-medium\"><img decoding=\"async\" width=\"203\" height=\"300\" src=\"https:\/\/cardinal-mueller.com\/wp-content\/uploads\/2021\/09\/502x-203x300.jpeg\" alt=\"\" class=\"wp-image-554\" srcset=\"https:\/\/cardinal-mueller.com\/wp-content\/uploads\/2021\/09\/502x-203x300.jpeg 203w, https:\/\/cardinal-mueller.com\/wp-content\/uploads\/2021\/09\/502x.jpeg 502w\" sizes=\"(max-width: 203px) 100vw, 203px\" \/><\/figure>\n\n\n<h6 id=\"productPageRightSectionTop-title-h1\"><em>Ao Lado dos Pobres.\u00a0A teologia da liberta\u00e7\u00e3o \u00e9 uma teologia da Igreja<\/em>\u00a0de Gerhard Ludwig M\u00fchler e Gustavo Gutierrez, 2014.\u00a0<\/h6>\n\n\n<hr class=\"wp-block-separator is-style-wide\"\/>\n","protected":false},"excerpt":{"rendered":"<p>Dogm\u00e1tica Cat\u00f3lica. Teoria e Pr\u00e1tica da Teologia, 2015. Pobre Para os Pobres. A Miss\u00e3o da Igreja, 2014. Ao Lado dos Pobres.\u00a0A teologia da liberta\u00e7\u00e3o \u00e9 uma teologia da Igreja\u00a0de Gerhard Ludwig M\u00fchler e Gustavo Gutierrez, 2014.\u00a0<\/p>\n","protected":false},"author":1,"featured_media":0,"parent":263,"menu_order":7,"comment_status":"closed","ping_status":"closed","template":"","meta":{"footnotes":""},"class_list":["post-287","page","type-page","status-publish","hentry"],"wps_subtitle":"","_links":{"self":[{"href":"https:\/\/cardinal-mueller.com\/index.php\/wp-json\/wp\/v2\/pages\/287","targetHints":{"allow":["GET"]}}],"collection":[{"href":"https:\/\/cardinal-mueller.com\/index.php\/wp-json\/wp\/v2\/pages"}],"about":[{"href":"https:\/\/cardinal-mueller.com\/index.php\/wp-json\/wp\/v2\/types\/page"}],"author":[{"embeddable":true,"href":"https:\/\/cardinal-mueller.com\/index.php\/wp-json\/wp\/v2\/users\/1"}],"replies":[{"embeddable":true,"href":"https:\/\/cardinal-mueller.com\/index.php\/wp-json\/wp\/v2\/comments?post=287"}],"version-history":[{"count":6,"href":"https:\/\/cardinal-mueller.com\/index.php\/wp-json\/wp\/v2\/pages\/287\/revisions"}],"predecessor-version":[{"id":556,"href":"https:\/\/cardinal-mueller.com\/index.php\/wp-json\/wp\/v2\/pages\/287\/revisions\/556"}],"up":[{"embeddable":true,"href":"https:\/\/cardinal-mueller.com\/index.php\/wp-json\/wp\/v2\/pages\/263"}],"wp:attachment":[{"href":"https:\/\/cardinal-mueller.com\/index.php\/wp-json\/wp\/v2\/media?parent=287"}],"curies":[{"name":"wp","href":"https:\/\/api.w.org\/{rel}","templated":true}]}}

<figure class="wp-block-image size-medium"><img fetchpriority="high" decoding="async" width="246" height="300" src="https://cardinal-mueller.com/wp-content/uploads/2021/09/9119iTBEYRL-246x300.jpeg" alt="" class="wp-image-546" srcset="https://cardinal-mueller.com/wp-content/uploads/2021/09/9119iTBEYRL-246x300.jpeg 246w, https://cardinal-mueller.com/wp-content/uploads/2021/09/9119iTBEYRL-838x1024.jpeg 838w, https://cardinal-mueller.com/wp-content/uploads/2021/09/9119iTBEYRL-768x938.jpeg 768w, https://cardinal-mueller.com/wp-content/uploads/2021/09/9119iTBEYRL-1258x1536.jpeg 1258w, https://cardinal-mueller.com/wp-content/uploads/2021/09/9119iTBEYRL-1677x2048.jpeg 1677w" sizes="(max-width: 246px) 100vw, 246px" /></figure>


<h6 id="title" class="a-spacing-none a-text-normal"><span id="productTitle" class="a-size-extra-large"><em>Dogmática Católica. Teoria e Prática da Teologia</em>, 2015.</span></h6>


<hr class="wp-block-separator is-style-wide"/>



<figure class="wp-block-image size-medium"><img decoding="async" width="201" height="300" src="https://cardinal-mueller.com/wp-content/uploads/2021/09/81ks2KL0MUL-201x300.jpeg" alt="" class="wp-image-548" srcset="https://cardinal-mueller.com/wp-content/uploads/2021/09/81ks2KL0MUL-201x300.jpeg 201w, https://cardinal-mueller.com/wp-content/uploads/2021/09/81ks2KL0MUL-686x1024.jpeg 686w, https://cardinal-mueller.com/wp-content/uploads/2021/09/81ks2KL0MUL-768x1146.jpeg 768w, https://cardinal-mueller.com/wp-content/uploads/2021/09/81ks2KL0MUL-1030x1536.jpeg 1030w, https://cardinal-mueller.com/wp-content/uploads/2021/09/81ks2KL0MUL-1373x2048.jpeg 1373w, https://cardinal-mueller.com/wp-content/uploads/2021/09/81ks2KL0MUL.jpeg 1716w" sizes="(max-width: 201px) 100vw, 201px" /></figure>


<h6 id="title" class="a-spacing-none a-text-normal"><span id="productTitle" class="a-size-extra-large"><em>Pobre Para os Pobres. A Missão da Igreja</em>, 2014.</span></h6>


<hr class="wp-block-separator is-style-wide"/>



<figure class="wp-block-image size-medium"><img decoding="async" width="203" height="300" src="https://cardinal-mueller.com/wp-content/uploads/2021/09/502x-203x300.jpeg" alt="" class="wp-image-554" srcset="https://cardinal-mueller.com/wp-content/uploads/2021/09/502x-203x300.jpeg 203w, https://cardinal-mueller.com/wp-content/uploads/2021/09/502x.jpeg 502w" sizes="(max-width: 203px) 100vw, 203px" /></figure>


<h6 id="productPageRightSectionTop-title-h1"><em>Ao Lado dos Pobres. A teologia da libertação é uma teologia da Igreja</em> de Gerhard Ludwig Mühler e Gustavo Gutierrez, 2014. </h6>


<hr class="wp-block-separator is-style-wide"/>

<p>Dogmática Católica. Teoria e Prática da Teologia, 2015. Pobre Para os Pobres. A Missão da Igreja, 2014. Ao Lado dos Pobres. A teologia da libertação é uma teologia da Igreja de Gerhard Ludwig Mühler e Gustavo Gutierrez, 2014. </p>
