{"id":285,"date":"2021-09-21T20:29:03","date_gmt":"2021-09-21T18:29:03","guid":{"rendered":"https:\/\/cardinal-mueller.com\/?page_id=285"},"modified":"2022-02-23T10:24:30","modified_gmt":"2022-02-23T09:24:30","slug":"french","status":"publish","type":"page","link":"https:\/\/cardinal-mueller.com\/index.php\/publications\/books\/french\/","title":{"rendered":"French"},"content":{"rendered":"\n<figure class=\"wp-block-image size-full is-resized\"><img decoding=\"async\" src=\"https:\/\/cardinal-mueller.com\/wp-content\/uploads\/2021\/09\/9782889590636_1_75.jpeg\" alt=\"\" class=\"wp-image-623\" width=\"165\" height=\"248\"\/><\/figure>\n\n\n<h6 class=\"titre mb-01\"><em>Tu seras une b\u00e9n\u00e9diction. Douze textes sur la pr\u00eatrise<\/em>, 2021.<\/h6>\n\n\n<hr class=\"wp-block-separator is-style-wide\"\/>\n\n\n\n<figure class=\"wp-block-image size-medium\"><img fetchpriority=\"high\" decoding=\"async\" width=\"168\" height=\"300\" src=\"https:\/\/cardinal-mueller.com\/wp-content\/uploads\/2021\/09\/9782889189731_1_75-168x300.jpeg\" alt=\"\" class=\"wp-image-621\" srcset=\"https:\/\/cardinal-mueller.com\/wp-content\/uploads\/2021\/09\/9782889189731_1_75-168x300.jpeg 168w, https:\/\/cardinal-mueller.com\/wp-content\/uploads\/2021\/09\/9782889189731_1_75-572x1024.jpeg 572w, https:\/\/cardinal-mueller.com\/wp-content\/uploads\/2021\/09\/9782889189731_1_75.jpeg 600w\" sizes=\"(max-width: 168px) 100vw, 168px\" \/><\/figure>\n\n\n<h6 class=\"titre-notice\"><em>Tu es Petrus. Service et responsabilit\u00e9<\/em>, 2021.<\/h6>\n\n\n<hr class=\"wp-block-separator is-style-wide\"\/>\n\n\n\n<figure class=\"wp-block-image size-medium\"><img decoding=\"async\" width=\"195\" height=\"300\" src=\"https:\/\/cardinal-mueller.com\/wp-content\/uploads\/2021\/09\/81N6SB1kOVL-195x300.jpeg\" alt=\"\" class=\"wp-image-538\" srcset=\"https:\/\/cardinal-mueller.com\/wp-content\/uploads\/2021\/09\/81N6SB1kOVL-195x300.jpeg 195w, https:\/\/cardinal-mueller.com\/wp-content\/uploads\/2021\/09\/81N6SB1kOVL-664x1024.jpeg 664w, https:\/\/cardinal-mueller.com\/wp-content\/uploads\/2021\/09\/81N6SB1kOVL-768x1184.jpeg 768w, https:\/\/cardinal-mueller.com\/wp-content\/uploads\/2021\/09\/81N6SB1kOVL-996x1536.jpeg 996w, https:\/\/cardinal-mueller.com\/wp-content\/uploads\/2021\/09\/81N6SB1kOVL-1328x2048.jpeg 1328w, https:\/\/cardinal-mueller.com\/wp-content\/uploads\/2021\/09\/81N6SB1kOVL.jpeg 1400w\" sizes=\"(max-width: 195px) 100vw, 195px\" \/><\/figure>\n\n\n<h6 id=\"title\" class=\"a-spacing-none a-text-normal\"><span id=\"productTitle\" class=\"a-size-extra-large\"><em>La force de la v\u00e9rit\u00e9. Les d\u00e9fis pos\u00e9s \u00e0 la foi catholique dans un monde qui n&#8217;est plus chr\u00e9tien<\/em>, 2020.<\/span><\/h6>\n\n\n<hr class=\"wp-block-separator is-style-wide\"\/>\n\n\n\n<figure class=\"wp-block-image size-medium\"><img loading=\"lazy\" decoding=\"async\" width=\"183\" height=\"300\" src=\"https:\/\/cardinal-mueller.com\/wp-content\/uploads\/2021\/09\/9782740321430-475x500-1-183x300.webp\" alt=\"\" class=\"wp-image-574\" srcset=\"https:\/\/cardinal-mueller.com\/wp-content\/uploads\/2021\/09\/9782740321430-475x500-1-183x300.webp 183w, https:\/\/cardinal-mueller.com\/wp-content\/uploads\/2021\/09\/9782740321430-475x500-1.webp 305w\" sizes=\"(max-width: 183px) 100vw, 183px\" \/><\/figure>\n\n\n<h6 class=\"product-title\"><em>Je crois en l&#8217;Eglise<\/em><span class=\"format\">,&nbsp;<\/span><span style=\"color: revert; font-size: revert; font-weight: revert;\">Robert Sarah<\/span><span style=\"color: initial; font-weight: revert; font-size: medium;\">,&nbsp;<\/span><span style=\"color: revert; font-size: revert; font-weight: revert;\">Gerhard M\u00fcller<\/span><span style=\"color: revert; font-size: revert; font-weight: revert;\">, 2019.<\/span><\/h6>\n\n\n<hr class=\"wp-block-separator is-style-wide\"\/>\n\n\n\n<figure class=\"wp-block-image size-medium\"><img loading=\"lazy\" decoding=\"async\" width=\"200\" height=\"300\" src=\"https:\/\/cardinal-mueller.com\/wp-content\/uploads\/2021\/09\/9782889188147-475x500-1-200x300.webp\" alt=\"\" class=\"wp-image-577\" srcset=\"https:\/\/cardinal-mueller.com\/wp-content\/uploads\/2021\/09\/9782889188147-475x500-1-200x300.webp 200w, https:\/\/cardinal-mueller.com\/wp-content\/uploads\/2021\/09\/9782889188147-475x500-1.webp 333w\" sizes=\"(max-width: 200px) 100vw, 200px\" \/><\/figure>\n\n\n<h6 class=\"product-title\"><em>Foi, raison, pauvret\u00e9 &#8211; Elargir l&#8217;horizon de la raison. Pauvre pour les pauvres<\/em>, 2018.<\/h6>\n\n\n<hr class=\"wp-block-separator is-style-wide\"\/>\n\n\n\n<figure class=\"wp-block-image size-medium\"><img loading=\"lazy\" decoding=\"async\" width=\"190\" height=\"300\" src=\"https:\/\/cardinal-mueller.com\/wp-content\/uploads\/2021\/09\/9782889188741_1_75-190x300.jpeg\" alt=\"\" class=\"wp-image-618\" srcset=\"https:\/\/cardinal-mueller.com\/wp-content\/uploads\/2021\/09\/9782889188741_1_75-190x300.jpeg 190w, https:\/\/cardinal-mueller.com\/wp-content\/uploads\/2021\/09\/9782889188741_1_75.jpeg 600w\" sizes=\"(max-width: 190px) 100vw, 190px\" \/><\/figure>\n\n\n<h6 class=\"titre-livre\"><em>Entretien sur l&#8217;esp\u00e9rance. Dialogue avec Carlos Granados<\/em>, 2017.<\/h6>\n\n\n<hr class=\"wp-block-separator is-style-wide\"\/>\n\n\n\n<figure class=\"wp-block-image size-medium\"><img loading=\"lazy\" decoding=\"async\" width=\"164\" height=\"300\" src=\"https:\/\/cardinal-mueller.com\/wp-content\/uploads\/2021\/09\/9782889187423-475x500-1-164x300.webp\" alt=\"\" class=\"wp-image-579\" srcset=\"https:\/\/cardinal-mueller.com\/wp-content\/uploads\/2021\/09\/9782889187423-475x500-1-164x300.webp 164w, https:\/\/cardinal-mueller.com\/wp-content\/uploads\/2021\/09\/9782889187423-475x500-1.webp 274w\" sizes=\"(max-width: 164px) 100vw, 164px\" \/><\/figure>\n\n\n<h6 class=\"product-title\"><em>La Croix, c&#8217;est la Vie &#8211; M\u00e9ditations sur la Passion et la P\u00e2que de J\u00e9sus<\/em>, 2016.<\/h6>\n\n\n<hr class=\"wp-block-separator is-style-wide\"\/>\n\n\n\n<figure class=\"wp-block-image size-medium\"><img loading=\"lazy\" decoding=\"async\" width=\"179\" height=\"300\" src=\"https:\/\/cardinal-mueller.com\/wp-content\/uploads\/2021\/09\/9782889184545-475x500-1-179x300.webp\" alt=\"\" class=\"wp-image-581\" srcset=\"https:\/\/cardinal-mueller.com\/wp-content\/uploads\/2021\/09\/9782889184545-475x500-1-179x300.webp 179w, https:\/\/cardinal-mueller.com\/wp-content\/uploads\/2021\/09\/9782889184545-475x500-1.webp 299w\" sizes=\"(max-width: 179px) 100vw, 179px\" \/><\/figure>\n\n\n<h6 class=\"product-title\"><em>Elargir l&#8217;horizon de la raison &#8211; Pour une lecture de Joseph Ratzinger &#8211; Beno\u00eet XVI<\/em>, 2015.<\/h6>\n\n\n<hr class=\"wp-block-separator is-style-wide\"\/>\n\n\n\n<figure class=\"wp-block-image size-medium\"><img loading=\"lazy\" decoding=\"async\" width=\"199\" height=\"300\" src=\"https:\/\/cardinal-mueller.com\/wp-content\/uploads\/2022\/02\/41m0WCWUcSL._SX329_BO1204203200_-199x300.jpeg\" alt=\"\" class=\"wp-image-1249\" srcset=\"https:\/\/cardinal-mueller.com\/wp-content\/uploads\/2022\/02\/41m0WCWUcSL._SX329_BO1204203200_-199x300.jpeg 199w, https:\/\/cardinal-mueller.com\/wp-content\/uploads\/2022\/02\/41m0WCWUcSL._SX329_BO1204203200_.jpeg 331w\" sizes=\"(max-width: 199px) 100vw, 199px\" \/><\/figure>\n\n\n<h6><em>La famille, source d&#8217;esp\u00e9rance.\u00a0Dialogue avec le Cardinal Garhard-Ludwig M\u00fcller<\/em>, 2015<\/h6>\n\n\n<hr class=\"wp-block-separator is-style-wide\"\/>\n\n\n\n<figure class=\"wp-block-image size-medium\"><img loading=\"lazy\" decoding=\"async\" width=\"182\" height=\"300\" src=\"https:\/\/cardinal-mueller.com\/wp-content\/uploads\/2021\/09\/41O3nkvumVL._SX301_BO1204203200_-182x300.jpeg\" alt=\"\" class=\"wp-image-571\" srcset=\"https:\/\/cardinal-mueller.com\/wp-content\/uploads\/2021\/09\/41O3nkvumVL._SX301_BO1204203200_-182x300.jpeg 182w, https:\/\/cardinal-mueller.com\/wp-content\/uploads\/2021\/09\/41O3nkvumVL._SX301_BO1204203200_.jpeg 303w\" sizes=\"(max-width: 182px) 100vw, 182px\" \/><\/figure>\n\n\n<h6 id=\"title\" class=\"a-spacing-none a-text-normal\"><span id=\"productTitle\" class=\"a-size-extra-large\"><em>Le pouvoir de la grace l&#8217;indissobulite<\/em>, 2014.<\/span><\/h6>\n\n\n<hr class=\"wp-block-separator is-style-wide\"\/>\n\n\n\n<figure class=\"wp-block-image size-medium is-resized\"><img loading=\"lazy\" decoding=\"async\" src=\"https:\/\/cardinal-mueller.com\/wp-content\/uploads\/2021\/09\/810lx6PKJsL-234x300.jpeg\" alt=\"\" class=\"wp-image-586\" width=\"192\" height=\"246\" srcset=\"https:\/\/cardinal-mueller.com\/wp-content\/uploads\/2021\/09\/810lx6PKJsL-234x300.jpeg 234w, https:\/\/cardinal-mueller.com\/wp-content\/uploads\/2021\/09\/810lx6PKJsL-797x1024.jpeg 797w, https:\/\/cardinal-mueller.com\/wp-content\/uploads\/2021\/09\/810lx6PKJsL-768x986.jpeg 768w, https:\/\/cardinal-mueller.com\/wp-content\/uploads\/2021\/09\/810lx6PKJsL-1196x1536.jpeg 1196w, https:\/\/cardinal-mueller.com\/wp-content\/uploads\/2021\/09\/810lx6PKJsL.jpeg 1400w\" sizes=\"(max-width: 192px) 100vw, 192px\" \/><\/figure>\n\n\n<h6 class=\"a-spacing-none a-text-normal\"><em><span class=\"a-size-extra-large\">Aux c\u00f4t\u00e9s des pauvres.&nbsp;<\/span><span id=\"productTitle\" class=\"a-size-extra-large\">L&#8217;Eglise et la th\u00e9ologie de la lib\u00e9ration<\/span><\/em><span id=\"productTitle\" class=\"a-size-extra-large\">, 2014.<\/span><\/h6>\n\n\n<hr class=\"wp-block-separator is-style-wide\"\/>\n\n\n\n<figure class=\"wp-block-image size-medium\"><img loading=\"lazy\" decoding=\"async\" width=\"200\" height=\"300\" src=\"https:\/\/cardinal-mueller.com\/wp-content\/uploads\/2021\/09\/9782889183043-475x500-1-200x300.webp\" alt=\"\" class=\"wp-image-583\" srcset=\"https:\/\/cardinal-mueller.com\/wp-content\/uploads\/2021\/09\/9782889183043-475x500-1-200x300.webp 200w, https:\/\/cardinal-mueller.com\/wp-content\/uploads\/2021\/09\/9782889183043-475x500-1.webp 333w\" sizes=\"(max-width: 200px) 100vw, 200px\" \/><\/figure>\n\n\n<h6 class=\"product-title\"><em>Pauvre pour les pauvres &#8211; La mission de l&#8217;Eglise<\/em>, 2014.<\/h6>\n\n\n<hr class=\"wp-block-separator is-style-wide\"\/>\n","protected":false},"excerpt":{"rendered":"<p>Tu seras une b\u00e9n\u00e9diction. Douze textes sur la pr\u00eatrise, 2021. Tu es Petrus. Service et responsabilit\u00e9, 2021. La force de la v\u00e9rit\u00e9. Les d\u00e9fis pos\u00e9s \u00e0 la foi catholique dans un monde qui n&#8217;est plus chr\u00e9tien, 2020. Je crois en l&#8217;Eglise,&nbsp;Robert Sarah,&nbsp;Gerhard M\u00fcller, 2019. Foi, raison, pauvret\u00e9 &#8211; Elargir l&#8217;horizon de la raison. Pauvre pour [&hellip;]<\/p>\n","protected":false},"author":1,"featured_media":0,"parent":263,"menu_order":6,"comment_status":"closed","ping_status":"closed","template":"","meta":{"footnotes":""},"class_list":["post-285","page","type-page","status-publish","hentry"],"wps_subtitle":"","_links":{"self":[{"href":"https:\/\/cardinal-mueller.com\/index.php\/wp-json\/wp\/v2\/pages\/285","targetHints":{"allow":["GET"]}}],"collection":[{"href":"https:\/\/cardinal-mueller.com\/index.php\/wp-json\/wp\/v2\/pages"}],"about":[{"href":"https:\/\/cardinal-mueller.com\/index.php\/wp-json\/wp\/v2\/types\/page"}],"author":[{"embeddable":true,"href":"https:\/\/cardinal-mueller.com\/index.php\/wp-json\/wp\/v2\/users\/1"}],"replies":[{"embeddable":true,"href":"https:\/\/cardinal-mueller.com\/index.php\/wp-json\/wp\/v2\/comments?post=285"}],"version-history":[{"count":14,"href":"https:\/\/cardinal-mueller.com\/index.php\/wp-json\/wp\/v2\/pages\/285\/revisions"}],"predecessor-version":[{"id":1251,"href":"https:\/\/cardinal-mueller.com\/index.php\/wp-json\/wp\/v2\/pages\/285\/revisions\/1251"}],"up":[{"embeddable":true,"href":"https:\/\/cardinal-mueller.com\/index.php\/wp-json\/wp\/v2\/pages\/263"}],"wp:attachment":[{"href":"https:\/\/cardinal-mueller.com\/index.php\/wp-json\/wp\/v2\/media?parent=285"}],"curies":[{"name":"wp","href":"https:\/\/api.w.org\/{rel}","templated":true}]}}

<figure class="wp-block-image size-full is-resized"><img decoding="async" src="https://cardinal-mueller.com/wp-content/uploads/2021/09/9782889590636_1_75.jpeg" alt="" class="wp-image-623" width="165" height="248"/></figure>


<h6 class="titre mb-01"><em>Tu seras une bénédiction. Douze textes sur la prêtrise</em>, 2021.</h6>


<hr class="wp-block-separator is-style-wide"/>



<figure class="wp-block-image size-medium"><img fetchpriority="high" decoding="async" width="168" height="300" src="https://cardinal-mueller.com/wp-content/uploads/2021/09/9782889189731_1_75-168x300.jpeg" alt="" class="wp-image-621" srcset="https://cardinal-mueller.com/wp-content/uploads/2021/09/9782889189731_1_75-168x300.jpeg 168w, https://cardinal-mueller.com/wp-content/uploads/2021/09/9782889189731_1_75-572x1024.jpeg 572w, https://cardinal-mueller.com/wp-content/uploads/2021/09/9782889189731_1_75.jpeg 600w" sizes="(max-width: 168px) 100vw, 168px" /></figure>


<h6 class="titre-notice"><em>Tu es Petrus. Service et responsabilité</em>, 2021.</h6>


<hr class="wp-block-separator is-style-wide"/>



<figure class="wp-block-image size-medium"><img decoding="async" width="195" height="300" src="https://cardinal-mueller.com/wp-content/uploads/2021/09/81N6SB1kOVL-195x300.jpeg" alt="" class="wp-image-538" srcset="https://cardinal-mueller.com/wp-content/uploads/2021/09/81N6SB1kOVL-195x300.jpeg 195w, https://cardinal-mueller.com/wp-content/uploads/2021/09/81N6SB1kOVL-664x1024.jpeg 664w, https://cardinal-mueller.com/wp-content/uploads/2021/09/81N6SB1kOVL-768x1184.jpeg 768w, https://cardinal-mueller.com/wp-content/uploads/2021/09/81N6SB1kOVL-996x1536.jpeg 996w, https://cardinal-mueller.com/wp-content/uploads/2021/09/81N6SB1kOVL-1328x2048.jpeg 1328w, https://cardinal-mueller.com/wp-content/uploads/2021/09/81N6SB1kOVL.jpeg 1400w" sizes="(max-width: 195px) 100vw, 195px" /></figure>


<h6 id="title" class="a-spacing-none a-text-normal"><span id="productTitle" class="a-size-extra-large"><em>La force de la vérité. Les défis posés à la foi catholique dans un monde qui n&#8217;est plus chrétien</em>, 2020.</span></h6>


<hr class="wp-block-separator is-style-wide"/>



<figure class="wp-block-image size-medium"><img loading="lazy" decoding="async" width="183" height="300" src="https://cardinal-mueller.com/wp-content/uploads/2021/09/9782740321430-475x500-1-183x300.webp" alt="" class="wp-image-574" srcset="https://cardinal-mueller.com/wp-content/uploads/2021/09/9782740321430-475x500-1-183x300.webp 183w, https://cardinal-mueller.com/wp-content/uploads/2021/09/9782740321430-475x500-1.webp 305w" sizes="(max-width: 183px) 100vw, 183px" /></figure>


<h6 class="product-title"><em>Je crois en l&#8217;Eglise</em><span class="format">,&nbsp;</span><span style="color: revert; font-size: revert; font-weight: revert;">Robert Sarah</span><span style="color: initial; font-weight: revert; font-size: medium;">,&nbsp;</span><span style="color: revert; font-size: revert; font-weight: revert;">Gerhard Müller</span><span style="color: revert; font-size: revert; font-weight: revert;">, 2019.</span></h6>


<hr class="wp-block-separator is-style-wide"/>



<figure class="wp-block-image size-medium"><img loading="lazy" decoding="async" width="200" height="300" src="https://cardinal-mueller.com/wp-content/uploads/2021/09/9782889188147-475x500-1-200x300.webp" alt="" class="wp-image-577" srcset="https://cardinal-mueller.com/wp-content/uploads/2021/09/9782889188147-475x500-1-200x300.webp 200w, https://cardinal-mueller.com/wp-content/uploads/2021/09/9782889188147-475x500-1.webp 333w" sizes="(max-width: 200px) 100vw, 200px" /></figure>


<h6 class="product-title"><em>Foi, raison, pauvreté &#8211; Elargir l&#8217;horizon de la raison. Pauvre pour les pauvres</em>, 2018.</h6>


<hr class="wp-block-separator is-style-wide"/>



<figure class="wp-block-image size-medium"><img loading="lazy" decoding="async" width="190" height="300" src="https://cardinal-mueller.com/wp-content/uploads/2021/09/9782889188741_1_75-190x300.jpeg" alt="" class="wp-image-618" srcset="https://cardinal-mueller.com/wp-content/uploads/2021/09/9782889188741_1_75-190x300.jpeg 190w, https://cardinal-mueller.com/wp-content/uploads/2021/09/9782889188741_1_75.jpeg 600w" sizes="(max-width: 190px) 100vw, 190px" /></figure>


<h6 class="titre-livre"><em>Entretien sur l&#8217;espérance. Dialogue avec Carlos Granados</em>, 2017.</h6>


<hr class="wp-block-separator is-style-wide"/>



<figure class="wp-block-image size-medium"><img loading="lazy" decoding="async" width="164" height="300" src="https://cardinal-mueller.com/wp-content/uploads/2021/09/9782889187423-475x500-1-164x300.webp" alt="" class="wp-image-579" srcset="https://cardinal-mueller.com/wp-content/uploads/2021/09/9782889187423-475x500-1-164x300.webp 164w, https://cardinal-mueller.com/wp-content/uploads/2021/09/9782889187423-475x500-1.webp 274w" sizes="(max-width: 164px) 100vw, 164px" /></figure>


<h6 class="product-title"><em>La Croix, c&#8217;est la Vie &#8211; Méditations sur la Passion et la Pâque de Jésus</em>, 2016.</h6>


<hr class="wp-block-separator is-style-wide"/>



<figure class="wp-block-image size-medium"><img loading="lazy" decoding="async" width="179" height="300" src="https://cardinal-mueller.com/wp-content/uploads/2021/09/9782889184545-475x500-1-179x300.webp" alt="" class="wp-image-581" srcset="https://cardinal-mueller.com/wp-content/uploads/2021/09/9782889184545-475x500-1-179x300.webp 179w, https://cardinal-mueller.com/wp-content/uploads/2021/09/9782889184545-475x500-1.webp 299w" sizes="(max-width: 179px) 100vw, 179px" /></figure>


<h6 class="product-title"><em>Elargir l&#8217;horizon de la raison &#8211; Pour une lecture de Joseph Ratzinger &#8211; Benoît XVI</em>, 2015.</h6>


<hr class="wp-block-separator is-style-wide"/>



<figure class="wp-block-image size-medium"><img loading="lazy" decoding="async" width="199" height="300" src="https://cardinal-mueller.com/wp-content/uploads/2022/02/41m0WCWUcSL._SX329_BO1204203200_-199x300.jpeg" alt="" class="wp-image-1249" srcset="https://cardinal-mueller.com/wp-content/uploads/2022/02/41m0WCWUcSL._SX329_BO1204203200_-199x300.jpeg 199w, https://cardinal-mueller.com/wp-content/uploads/2022/02/41m0WCWUcSL._SX329_BO1204203200_.jpeg 331w" sizes="(max-width: 199px) 100vw, 199px" /></figure>


<h6><em>La famille, source d&#8217;espérance. Dialogue avec le Cardinal Garhard-Ludwig Müller</em>, 2015</h6>


<hr class="wp-block-separator is-style-wide"/>



<figure class="wp-block-image size-medium"><img loading="lazy" decoding="async" width="182" height="300" src="https://cardinal-mueller.com/wp-content/uploads/2021/09/41O3nkvumVL._SX301_BO1204203200_-182x300.jpeg" alt="" class="wp-image-571" srcset="https://cardinal-mueller.com/wp-content/uploads/2021/09/41O3nkvumVL._SX301_BO1204203200_-182x300.jpeg 182w, https://cardinal-mueller.com/wp-content/uploads/2021/09/41O3nkvumVL._SX301_BO1204203200_.jpeg 303w" sizes="(max-width: 182px) 100vw, 182px" /></figure>


<h6 id="title" class="a-spacing-none a-text-normal"><span id="productTitle" class="a-size-extra-large"><em>Le pouvoir de la grace l&#8217;indissobulite</em>, 2014.</span></h6>


<hr class="wp-block-separator is-style-wide"/>



<figure class="wp-block-image size-medium is-resized"><img loading="lazy" decoding="async" src="https://cardinal-mueller.com/wp-content/uploads/2021/09/810lx6PKJsL-234x300.jpeg" alt="" class="wp-image-586" width="192" height="246" srcset="https://cardinal-mueller.com/wp-content/uploads/2021/09/810lx6PKJsL-234x300.jpeg 234w, https://cardinal-mueller.com/wp-content/uploads/2021/09/810lx6PKJsL-797x1024.jpeg 797w, https://cardinal-mueller.com/wp-content/uploads/2021/09/810lx6PKJsL-768x986.jpeg 768w, https://cardinal-mueller.com/wp-content/uploads/2021/09/810lx6PKJsL-1196x1536.jpeg 1196w, https://cardinal-mueller.com/wp-content/uploads/2021/09/810lx6PKJsL.jpeg 1400w" sizes="(max-width: 192px) 100vw, 192px" /></figure>


<h6 class="a-spacing-none a-text-normal"><em><span class="a-size-extra-large">Aux côtés des pauvres.&nbsp;</span><span id="productTitle" class="a-size-extra-large">L&#8217;Eglise et la théologie de la libération</span></em><span id="productTitle" class="a-size-extra-large">, 2014.</span></h6>


<hr class="wp-block-separator is-style-wide"/>



<figure class="wp-block-image size-medium"><img loading="lazy" decoding="async" width="200" height="300" src="https://cardinal-mueller.com/wp-content/uploads/2021/09/9782889183043-475x500-1-200x300.webp" alt="" class="wp-image-583" srcset="https://cardinal-mueller.com/wp-content/uploads/2021/09/9782889183043-475x500-1-200x300.webp 200w, https://cardinal-mueller.com/wp-content/uploads/2021/09/9782889183043-475x500-1.webp 333w" sizes="(max-width: 200px) 100vw, 200px" /></figure>


<h6 class="product-title"><em>Pauvre pour les pauvres &#8211; La mission de l&#8217;Eglise</em>, 2014.</h6>


<hr class="wp-block-separator is-style-wide"/>

<p>Tu seras une bénédiction. Douze textes sur la prêtrise, 2021. Tu es Petrus. Service et responsabilité, 2021. La force de la vérité. Les défis posés à la foi catholique dans un monde qui n&#8217;est plus chrétien, 2020. Je crois en l&#8217;Eglise,&nbsp;Robert Sarah,&nbsp;Gerhard Müller, 2019. Foi, raison, pauvreté &#8211; Elargir l&#8217;horizon de la raison. Pauvre pour [&hellip;]</p>
