{"id":275,"date":"2021-09-21T20:25:57","date_gmt":"2021-09-21T18:25:57","guid":{"rendered":"https:\/\/cardinal-mueller.com\/?page_id=275"},"modified":"2022-11-15T19:09:09","modified_gmt":"2022-11-15T18:09:09","slug":"german","status":"publish","type":"page","link":"https:\/\/cardinal-mueller.com\/index.php\/publications\/books\/german\/","title":{"rendered":"German"},"content":{"rendered":"\n<figure class=\"wp-block-image size-medium\"><img fetchpriority=\"high\" decoding=\"async\" width=\"183\" height=\"300\" src=\"https:\/\/cardinal-mueller.com\/wp-content\/uploads\/2022\/11\/gottes-gegenwart-in-welt-und-sakrament-exerzitien-978-3-451-39478-2-78298-183x300.jpg\" alt=\"\" class=\"wp-image-1284\" srcset=\"https:\/\/cardinal-mueller.com\/wp-content\/uploads\/2022\/11\/gottes-gegenwart-in-welt-und-sakrament-exerzitien-978-3-451-39478-2-78298-183x300.jpg 183w, https:\/\/cardinal-mueller.com\/wp-content\/uploads\/2022\/11\/gottes-gegenwart-in-welt-und-sakrament-exerzitien-978-3-451-39478-2-78298.jpg 500w\" sizes=\"(max-width: 183px) 100vw, 183px\" \/><\/figure>\n\n\n<h6>Gottes Gegenwart in Welt und Sakrament,\u00a0Freiburg im Breisgau 2023.<\/h6>\n\n\n<hr class=\"wp-block-separator has-alpha-channel-opacity is-style-wide\"\/>\n\n\n\n<figure class=\"wp-block-image size-medium\"><img decoding=\"async\" width=\"188\" height=\"300\" src=\"https:\/\/cardinal-mueller.com\/wp-content\/uploads\/2021\/12\/das-wunder-der-unsterblichkeit-978-3-451-39168-2-73312-188x300.jpeg\" alt=\"\" class=\"wp-image-1006\" srcset=\"https:\/\/cardinal-mueller.com\/wp-content\/uploads\/2021\/12\/das-wunder-der-unsterblichkeit-978-3-451-39168-2-73312-188x300.jpeg 188w, https:\/\/cardinal-mueller.com\/wp-content\/uploads\/2021\/12\/das-wunder-der-unsterblichkeit-978-3-451-39168-2-73312.jpeg 500w\" sizes=\"(max-width: 188px) 100vw, 188px\" \/><\/figure>\n\n\n<h6><em>Das Wunder der Unsterblichkeit<\/em>,\u00a0Freiburg im Breisgau 2021.<\/h6>\n\n\n<hr class=\"wp-block-separator has-css-opacity is-style-wide\"\/>\n\n\n\n<figure class=\"wp-block-image size-medium\"><img decoding=\"async\" width=\"188\" height=\"300\" src=\"https:\/\/cardinal-mueller.com\/wp-content\/uploads\/2021\/09\/was-ist-katholisch-978-3-451-39074-6-71839-188x300.jpeg\" alt=\"\" class=\"wp-image-416\" srcset=\"https:\/\/cardinal-mueller.com\/wp-content\/uploads\/2021\/09\/was-ist-katholisch-978-3-451-39074-6-71839-188x300.jpeg 188w, https:\/\/cardinal-mueller.com\/wp-content\/uploads\/2021\/09\/was-ist-katholisch-978-3-451-39074-6-71839.jpeg 500w\" sizes=\"(max-width: 188px) 100vw, 188px\" \/><\/figure>\n\n\n<h6><em>Was ist katholisch?<\/em>, Freiburg im Breisgau 2021.<\/h6>\n\n\n<hr class=\"wp-block-separator has-css-opacity is-style-wide\"\/>\n\n\n\n<figure class=\"wp-block-image size-medium\"><img loading=\"lazy\" decoding=\"async\" width=\"199\" height=\"300\" src=\"https:\/\/cardinal-mueller.com\/wp-content\/uploads\/2021\/09\/der-glaube-an-gott-im-saekularen-zeitalter-978-3-451-38649-7-59908-199x300.jpeg\" alt=\"\" class=\"wp-image-419\" srcset=\"https:\/\/cardinal-mueller.com\/wp-content\/uploads\/2021\/09\/der-glaube-an-gott-im-saekularen-zeitalter-978-3-451-38649-7-59908-199x300.jpeg 199w, https:\/\/cardinal-mueller.com\/wp-content\/uploads\/2021\/09\/der-glaube-an-gott-im-saekularen-zeitalter-978-3-451-38649-7-59908.jpeg 500w\" sizes=\"(max-width: 199px) 100vw, 199px\" \/><\/figure>\n\n\n<h6><i>Der Glaube an Gott im s\u00e4kularen Zeitalter<\/i>, Freiburg im Breisgau 2020.<\/h6>\n\n\n<hr class=\"wp-block-separator has-css-opacity is-style-wide\"\/>\n\n\n\n<figure class=\"wp-block-image size-medium\"><img loading=\"lazy\" decoding=\"async\" width=\"192\" height=\"300\" src=\"https:\/\/cardinal-mueller.com\/wp-content\/uploads\/2021\/09\/lohmann-mueller-wahrheit-192x300.jpeg\" alt=\"\" class=\"wp-image-421\" srcset=\"https:\/\/cardinal-mueller.com\/wp-content\/uploads\/2021\/09\/lohmann-mueller-wahrheit-192x300.jpeg 192w, https:\/\/cardinal-mueller.com\/wp-content\/uploads\/2021\/09\/lohmann-mueller-wahrheit.jpeg 383w\" sizes=\"(max-width: 192px) 100vw, 192px\" \/><\/figure>\n\n\n<h6><i>Wahrheit. Die DNA der Kirche. Ein Gespr\u00e4ch<\/i>. fe-Medienverlag, Ki\u00dflegg 2020.<\/h6>\n\n\n<hr class=\"wp-block-separator has-css-opacity is-style-wide\"\/>\n\n\n\n<figure class=\"wp-block-image size-medium\"><img loading=\"lazy\" decoding=\"async\" width=\"188\" height=\"300\" src=\"https:\/\/cardinal-mueller.com\/wp-content\/uploads\/2021\/09\/roemische-begegnungen-978-3-451-38565-0-58422-188x300.jpeg\" alt=\"\" class=\"wp-image-424\" srcset=\"https:\/\/cardinal-mueller.com\/wp-content\/uploads\/2021\/09\/roemische-begegnungen-978-3-451-38565-0-58422-188x300.jpeg 188w, https:\/\/cardinal-mueller.com\/wp-content\/uploads\/2021\/09\/roemische-begegnungen-978-3-451-38565-0-58422.jpeg 500w\" sizes=\"(max-width: 188px) 100vw, 188px\" \/><\/figure>\n\n\n<h6><i>R\u00f6mische Begegnungen<\/i>, Freiburg im Breisgau 2019.<\/h6>\n\n\n<hr class=\"wp-block-separator has-css-opacity is-style-wide\"\/>\n\n\n\n<figure class=\"wp-block-image size-medium\"><img loading=\"lazy\" decoding=\"async\" width=\"188\" height=\"300\" src=\"https:\/\/cardinal-mueller.com\/wp-content\/uploads\/2021\/09\/ihr-sollt-ein-segen-sein-zwoelf-briefe-ueber-das-priestertum-978-3-451-81575-1-56239-188x300.jpeg\" alt=\"\" class=\"wp-image-426\" srcset=\"https:\/\/cardinal-mueller.com\/wp-content\/uploads\/2021\/09\/ihr-sollt-ein-segen-sein-zwoelf-briefe-ueber-das-priestertum-978-3-451-81575-1-56239-188x300.jpeg 188w, https:\/\/cardinal-mueller.com\/wp-content\/uploads\/2021\/09\/ihr-sollt-ein-segen-sein-zwoelf-briefe-ueber-das-priestertum-978-3-451-81575-1-56239.jpeg 500w\" sizes=\"(max-width: 188px) 100vw, 188px\" \/><\/figure>\n\n\n<h6><i>&#8222;Ihr sollt ein Segen sein\u201c. Zw\u00f6lf Briefe \u00fcber das Priestertum<\/i>, Freiburg im Breisgau 2018.<\/h6>\n\n\n<hr class=\"wp-block-separator has-css-opacity is-style-wide\"\/>\n\n\n\n<figure class=\"wp-block-image size-medium\"><img loading=\"lazy\" decoding=\"async\" width=\"188\" height=\"300\" src=\"https:\/\/cardinal-mueller.com\/wp-content\/uploads\/2021\/09\/der-papst-sendung-und-auftrag-978-3-451-84758-5-52707-188x300.jpeg\" alt=\"\" class=\"wp-image-429\" srcset=\"https:\/\/cardinal-mueller.com\/wp-content\/uploads\/2021\/09\/der-papst-sendung-und-auftrag-978-3-451-84758-5-52707-188x300.jpeg 188w, https:\/\/cardinal-mueller.com\/wp-content\/uploads\/2021\/09\/der-papst-sendung-und-auftrag-978-3-451-84758-5-52707.jpeg 500w\" sizes=\"(max-width: 188px) 100vw, 188px\" \/><\/figure>\n\n\n<h6><i>Der Papst. Sendung und Auftrag<\/i>, Freiburg im Breisgau 2017.<\/h6>\n\n\n<hr class=\"wp-block-separator has-css-opacity is-style-wide\"\/>\n\n\n\n<figure class=\"wp-block-image size-medium\"><img loading=\"lazy\" decoding=\"async\" width=\"183\" height=\"300\" src=\"https:\/\/cardinal-mueller.com\/wp-content\/uploads\/2021\/09\/die-botschaft-der-hoffnung-gedanken-ueber-den-kern-der-christlichen-botschaft-978-3-451-83344-1-51453-183x300.jpeg\" alt=\"\" class=\"wp-image-432\" srcset=\"https:\/\/cardinal-mueller.com\/wp-content\/uploads\/2021\/09\/die-botschaft-der-hoffnung-gedanken-ueber-den-kern-der-christlichen-botschaft-978-3-451-83344-1-51453-183x300.jpeg 183w, https:\/\/cardinal-mueller.com\/wp-content\/uploads\/2021\/09\/die-botschaft-der-hoffnung-gedanken-ueber-den-kern-der-christlichen-botschaft-978-3-451-83344-1-51453.jpeg 500w\" sizes=\"(max-width: 183px) 100vw, 183px\" \/><\/figure>\n\n\n<h6><i>Die Botschaft der Hoffnung. Gedanken \u00fcber den Kern der christlichen Botschaft<\/i>, <br>Freiburg im Breisgau 2016.<sup id=\"cite_ref-127\"><\/sup><\/h6>\n\n\n<hr class=\"wp-block-separator has-css-opacity is-style-wide\"\/>\n\n\n\n<figure class=\"wp-block-image size-medium\"><img loading=\"lazy\" decoding=\"async\" width=\"167\" height=\"300\" src=\"https:\/\/cardinal-mueller.com\/wp-content\/uploads\/2021\/09\/arimg.ashx_-167x300.jpeg\" alt=\"\" class=\"wp-image-519\" srcset=\"https:\/\/cardinal-mueller.com\/wp-content\/uploads\/2021\/09\/arimg.ashx_-167x300.jpeg 167w, https:\/\/cardinal-mueller.com\/wp-content\/uploads\/2021\/09\/arimg.ashx_.jpeg 200w\" sizes=\"(max-width: 167px) 100vw, 167px\" \/><\/figure>\n\n\n<h6><em>Den Glauben fordern und bewahren. Vom Heiligen Offizium zur Kongregation fur die Glaubenslehre<\/em>, 2015.<\/h6>\n\n\n<hr class=\"wp-block-separator has-css-opacity is-style-wide\"\/>\n\n\n\n<figure class=\"wp-block-image size-medium\"><img loading=\"lazy\" decoding=\"async\" width=\"201\" height=\"300\" src=\"https:\/\/cardinal-mueller.com\/wp-content\/uploads\/2021\/09\/katholische-dogmatik-fuer-studium-und-praxis-der-theologie-978-3-451-34979-9-50670-201x300.jpeg\" alt=\"\" class=\"wp-image-438\" srcset=\"https:\/\/cardinal-mueller.com\/wp-content\/uploads\/2021\/09\/katholische-dogmatik-fuer-studium-und-praxis-der-theologie-978-3-451-34979-9-50670-201x300.jpeg 201w, https:\/\/cardinal-mueller.com\/wp-content\/uploads\/2021\/09\/katholische-dogmatik-fuer-studium-und-praxis-der-theologie-978-3-451-34979-9-50670.jpeg 500w\" sizes=\"(max-width: 201px) 100vw, 201px\" \/><\/figure>\n\n\n<h6><i>Katholische Dogmatik. F\u00fcr Studium und Praxis der Theologie<\/i>, Freiburg im Breisgau 2016.<\/h6>\n\n\n<hr class=\"wp-block-separator has-css-opacity is-style-wide\"\/>\n\n\n\n<figure class=\"wp-block-image size-medium\"><img loading=\"lazy\" decoding=\"async\" width=\"189\" height=\"300\" src=\"https:\/\/cardinal-mueller.com\/wp-content\/uploads\/2021\/09\/benedikt-und-franziskus-ihr-dienst-in-der-nachfolge-petri-978-3-451-80721-3-49771-189x300.jpeg\" alt=\"\" class=\"wp-image-446\" srcset=\"https:\/\/cardinal-mueller.com\/wp-content\/uploads\/2021\/09\/benedikt-und-franziskus-ihr-dienst-in-der-nachfolge-petri-978-3-451-80721-3-49771-189x300.jpeg 189w, https:\/\/cardinal-mueller.com\/wp-content\/uploads\/2021\/09\/benedikt-und-franziskus-ihr-dienst-in-der-nachfolge-petri-978-3-451-80721-3-49771.jpeg 500w\" sizes=\"(max-width: 189px) 100vw, 189px\" \/><\/figure>\n\n\n<h6><em>Benedikt und Franziskus.Ihr Dienst in der Nachfolge Petri<\/em>,&nbsp;Freiburg im Breisgau 2015.<\/h6>\n\n\n<hr class=\"wp-block-separator has-css-opacity is-style-wide\"\/>\n\n\n\n<figure class=\"wp-block-image size-medium\"><img loading=\"lazy\" decoding=\"async\" width=\"188\" height=\"300\" src=\"https:\/\/cardinal-mueller.com\/wp-content\/uploads\/2021\/09\/41gji1q9jiL-188x300.jpeg\" alt=\"\" class=\"wp-image-435\" srcset=\"https:\/\/cardinal-mueller.com\/wp-content\/uploads\/2021\/09\/41gji1q9jiL-188x300.jpeg 188w, https:\/\/cardinal-mueller.com\/wp-content\/uploads\/2021\/09\/41gji1q9jiL.jpeg 314w\" sizes=\"(max-width: 188px) 100vw, 188px\" \/><\/figure>\n\n\n<h6><i>Armut: Die Herausforderung f\u00fcr den Glauben.<\/i> <br><em>Mit einem Geleitwort von Papst Franziskus, unter Mitarbeit von Gustavo Guti\u00e9rrez und Josef Sayer<\/em>. M\u00fcnchen 2014.<\/h6>\n\n\n<hr class=\"wp-block-separator has-css-opacity is-style-wide\"\/>\n\n\n\n<figure class=\"wp-block-image size-medium\"><img loading=\"lazy\" decoding=\"async\" width=\"183\" height=\"300\" src=\"https:\/\/cardinal-mueller.com\/wp-content\/uploads\/2021\/09\/Gerhard-Ludwig-MullerDen-Horizont-der-Vernunft-erweitern-Zur-Theologie-von-Benedikt-XVI-183x300.jpeg\" alt=\"\" class=\"wp-image-639\" srcset=\"https:\/\/cardinal-mueller.com\/wp-content\/uploads\/2021\/09\/Gerhard-Ludwig-MullerDen-Horizont-der-Vernunft-erweitern-Zur-Theologie-von-Benedikt-XVI-183x300.jpeg 183w, https:\/\/cardinal-mueller.com\/wp-content\/uploads\/2021\/09\/Gerhard-Ludwig-MullerDen-Horizont-der-Vernunft-erweitern-Zur-Theologie-von-Benedikt-XVI.jpeg 500w\" sizes=\"(max-width: 183px) 100vw, 183px\" \/><\/figure>\n\n\n<h6><em>Den Horizont der Vernunft erweitern. Zur Theologie von Benedikt XVI.<\/em>,&nbsp;Freiburg im Breisgau 2013.<\/h6>\n\n\n<hr class=\"wp-block-separator has-css-opacity is-style-wide\"\/>\n\n\n\n<figure class=\"wp-block-image size-medium\"><img loading=\"lazy\" decoding=\"async\" width=\"177\" height=\"300\" src=\"https:\/\/cardinal-mueller.com\/wp-content\/uploads\/2021\/09\/51pNAIbnpL-177x300.jpeg\" alt=\"\" class=\"wp-image-764\" srcset=\"https:\/\/cardinal-mueller.com\/wp-content\/uploads\/2021\/09\/51pNAIbnpL-177x300.jpeg 177w, https:\/\/cardinal-mueller.com\/wp-content\/uploads\/2021\/09\/51pNAIbnpL.jpeg 295w\" sizes=\"(max-width: 177px) 100vw, 177px\" \/><\/figure>\n\n\n<h6><em>Im Kreuz ist Leben. Meditationen zur Passions- und Osterzeit<\/em>, Leipzig 2013.&nbsp;<\/h6>\n\n\n<hr class=\"wp-block-separator has-css-opacity is-style-wide\"\/>\n\n\n\n<figure class=\"wp-block-image size-medium\"><img loading=\"lazy\" decoding=\"async\" width=\"188\" height=\"300\" src=\"https:\/\/cardinal-mueller.com\/wp-content\/uploads\/2021\/09\/gott-und-seine-geschichte-der-praefekt-der-glaubenskongregation-ueber-bibel-und-glaube-978-3-451-34619-4-45790-188x300.jpeg\" alt=\"\" class=\"wp-image-449\" srcset=\"https:\/\/cardinal-mueller.com\/wp-content\/uploads\/2021\/09\/gott-und-seine-geschichte-der-praefekt-der-glaubenskongregation-ueber-bibel-und-glaube-978-3-451-34619-4-45790-188x300.jpeg 188w, https:\/\/cardinal-mueller.com\/wp-content\/uploads\/2021\/09\/gott-und-seine-geschichte-der-praefekt-der-glaubenskongregation-ueber-bibel-und-glaube-978-3-451-34619-4-45790.jpeg 500w\" sizes=\"(max-width: 188px) 100vw, 188px\" \/><\/figure>\n\n\n<h6><em>Gott und seine Geschichte.&nbsp;Der Pr\u00e4fekt der Glaubenskongregation \u00fcber Bibel und Glaube<\/em>,&nbsp;Freiburg im Breisgau 2012.<\/h6>\n\n\n<hr class=\"wp-block-separator has-css-opacity is-style-wide\"\/>\n\n\n\n<figure class=\"wp-block-image size-medium\"><img loading=\"lazy\" decoding=\"async\" width=\"181\" height=\"300\" src=\"https:\/\/cardinal-mueller.com\/wp-content\/uploads\/2021\/09\/4121Lf9n8KL-181x300.jpeg\" alt=\"\" class=\"wp-image-758\" srcset=\"https:\/\/cardinal-mueller.com\/wp-content\/uploads\/2021\/09\/4121Lf9n8KL-181x300.jpeg 181w, https:\/\/cardinal-mueller.com\/wp-content\/uploads\/2021\/09\/4121Lf9n8KL.jpeg 301w\" sizes=\"(max-width: 181px) 100vw, 181px\" \/><\/figure>\n\n\n<h6><em>Einheit in der Wahrheit. Perspektiven f\u00fcr die Zukunft der \u00d6kumene<\/em>, Freiburg 2011.&nbsp;<\/h6>\n\n\n<hr class=\"wp-block-separator has-css-opacity is-style-wide\"\/>\n\n\n\n<figure class=\"wp-block-image size-medium\"><img loading=\"lazy\" decoding=\"async\" width=\"169\" height=\"300\" src=\"https:\/\/cardinal-mueller.com\/wp-content\/uploads\/2021\/09\/41hhqHTv4hL-169x300.jpeg\" alt=\"\" class=\"wp-image-755\" srcset=\"https:\/\/cardinal-mueller.com\/wp-content\/uploads\/2021\/09\/41hhqHTv4hL-169x300.jpeg 169w, https:\/\/cardinal-mueller.com\/wp-content\/uploads\/2021\/09\/41hhqHTv4hL.jpeg 237w\" sizes=\"(max-width: 169px) 100vw, 169px\" \/><\/figure>\n\n\n<h6><em>Dietrich Bonhoeffer begegnen<\/em>, Augsburg 2010.&nbsp;<\/h6>\n\n\n<hr class=\"wp-block-separator has-css-opacity is-style-wide\"\/>\n\n\n\n<figure class=\"wp-block-image size-medium\"><img loading=\"lazy\" decoding=\"async\" width=\"209\" height=\"300\" src=\"https:\/\/cardinal-mueller.com\/wp-content\/uploads\/2021\/09\/41XOWqzpm1L._SX346_BO1204203200_-209x300.jpeg\" alt=\"\" class=\"wp-image-444\" srcset=\"https:\/\/cardinal-mueller.com\/wp-content\/uploads\/2021\/09\/41XOWqzpm1L._SX346_BO1204203200_-209x300.jpeg 209w, https:\/\/cardinal-mueller.com\/wp-content\/uploads\/2021\/09\/41XOWqzpm1L._SX346_BO1204203200_.jpeg 348w\" sizes=\"(max-width: 209px) 100vw, 209px\" \/><\/figure>\n\n\n<h6><i>Jesus ist der Herr \u2013 Predigten und Ansprachen<\/i>, Regensburg 2007.<\/h6>\n\n\n<hr class=\"wp-block-separator has-css-opacity is-style-wide\"\/>\n\n\n\n<figure class=\"wp-block-image size-medium\"><img loading=\"lazy\" decoding=\"async\" width=\"195\" height=\"300\" src=\"https:\/\/cardinal-mueller.com\/wp-content\/uploads\/2021\/09\/51ObF8UhmuL-195x300.jpeg\" alt=\"\" class=\"wp-image-457\" srcset=\"https:\/\/cardinal-mueller.com\/wp-content\/uploads\/2021\/09\/51ObF8UhmuL-195x300.jpeg 195w, https:\/\/cardinal-mueller.com\/wp-content\/uploads\/2021\/09\/51ObF8UhmuL.jpeg 325w\" sizes=\"(max-width: 195px) 100vw, 195px\" \/><\/figure>\n\n\n<h6><i>Vom Vater gesandt. Impulse einer inkarnatorischen Christologie f\u00fcr Gottesfrage und Menschenbild<\/i>, Regensburg 2005.<\/h6>\n\n\n<hr class=\"wp-block-separator has-css-opacity is-style-wide\"\/>\n\n\n\n<figure class=\"wp-block-image size-medium\"><img loading=\"lazy\" decoding=\"async\" width=\"195\" height=\"300\" src=\"https:\/\/cardinal-mueller.com\/wp-content\/uploads\/2021\/09\/41KWVK8KB2L-195x300.jpeg\" alt=\"\" class=\"wp-image-452\" srcset=\"https:\/\/cardinal-mueller.com\/wp-content\/uploads\/2021\/09\/41KWVK8KB2L-195x300.jpeg 195w, https:\/\/cardinal-mueller.com\/wp-content\/uploads\/2021\/09\/41KWVK8KB2L.jpeg 325w\" sizes=\"(max-width: 195px) 100vw, 195px\" \/><\/figure>\n\n\n<h6><i>Gott und seine Geschichte. Ein Gespr\u00e4ch \u00fcber die Bibel mit Johannes Marten und Philipp v. Studnitz<\/i>, Freiburg im Breisgau 2005.<\/h6>\n\n\n<hr class=\"wp-block-separator has-css-opacity is-style-wide\"\/>\n\n\n\n<figure class=\"wp-block-image size-medium\"><img loading=\"lazy\" decoding=\"async\" width=\"191\" height=\"300\" src=\"https:\/\/cardinal-mueller.com\/wp-content\/uploads\/2021\/09\/Gerhard-Ludwig-Muller-Gustavo-GutierrezAn-der-Seite-der-Armen-Theologie-der-Befreiung-191x300.jpeg\" alt=\"\" class=\"wp-image-460\" srcset=\"https:\/\/cardinal-mueller.com\/wp-content\/uploads\/2021\/09\/Gerhard-Ludwig-Muller-Gustavo-GutierrezAn-der-Seite-der-Armen-Theologie-der-Befreiung-191x300.jpeg 191w, https:\/\/cardinal-mueller.com\/wp-content\/uploads\/2021\/09\/Gerhard-Ludwig-Muller-Gustavo-GutierrezAn-der-Seite-der-Armen-Theologie-der-Befreiung.jpeg 412w\" sizes=\"(max-width: 191px) 100vw, 191px\" \/><\/figure>\n\n\n<h6>Gustavo Guti\u00e9rrez, Gerhard Ludwig M\u00fcller: <cite>An der Seite der Armen. Theologie der Befreiung<\/cite>, Augsburg 2004.<\/h6>\n\n\n<hr class=\"wp-block-separator has-css-opacity is-style-wide\"\/>\n\n\n\n<figure class=\"wp-block-image size-medium\"><img loading=\"lazy\" decoding=\"async\" width=\"189\" height=\"300\" src=\"https:\/\/cardinal-mueller.com\/wp-content\/uploads\/2021\/09\/41G75lON9L._SX312_BO1204203200_-189x300.jpeg\" alt=\"\" class=\"wp-image-455\" srcset=\"https:\/\/cardinal-mueller.com\/wp-content\/uploads\/2021\/09\/41G75lON9L._SX312_BO1204203200_-189x300.jpeg 189w, https:\/\/cardinal-mueller.com\/wp-content\/uploads\/2021\/09\/41G75lON9L._SX312_BO1204203200_.jpeg 314w\" sizes=\"(max-width: 189px) 100vw, 189px\" \/><\/figure>\n\n\n<h6><i>Die Messe: Quelle christlichen Lebens<\/i>, Augsburg 2002.<\/h6>\n\n\n<hr class=\"wp-block-separator has-css-opacity is-style-wide\"\/>\n\n\n\n<figure class=\"wp-block-image size-medium\"><img loading=\"lazy\" decoding=\"async\" width=\"217\" height=\"300\" src=\"https:\/\/cardinal-mueller.com\/wp-content\/uploads\/2021\/09\/md30188808254-217x300.jpeg\" alt=\"\" class=\"wp-image-561\" srcset=\"https:\/\/cardinal-mueller.com\/wp-content\/uploads\/2021\/09\/md30188808254-217x300.jpeg 217w, https:\/\/cardinal-mueller.com\/wp-content\/uploads\/2021\/09\/md30188808254.jpeg 300w\" sizes=\"(max-width: 217px) 100vw, 217px\" \/><\/figure>\n\n\n<h6 id=\"title\"><em>Mit der Kirche denken. Bausteine und Skizzen zu einer Ekklesiologie der Gegenwart<\/em>, 2002.<\/h6>\n\n\n<hr class=\"wp-block-separator has-css-opacity is-style-wide\"\/>\n\n\n\n<figure class=\"wp-block-image size-medium\"><img loading=\"lazy\" decoding=\"async\" width=\"191\" height=\"300\" src=\"https:\/\/cardinal-mueller.com\/wp-content\/uploads\/2021\/09\/41M500KZ28L-191x300.jpeg\" alt=\"\" class=\"wp-image-751\" srcset=\"https:\/\/cardinal-mueller.com\/wp-content\/uploads\/2021\/09\/41M500KZ28L-191x300.jpeg 191w, https:\/\/cardinal-mueller.com\/wp-content\/uploads\/2021\/09\/41M500KZ28L.jpeg 319w\" sizes=\"(max-width: 191px) 100vw, 191px\" \/><\/figure>\n\n\n<h6><em>Maria &#8211; die Frau im Heilsplan Gottes<\/em>, Regensburg 2002.&nbsp;<\/h6>\n\n\n<hr class=\"wp-block-separator has-css-opacity is-style-wide\"\/>\n\n\n\n<figure class=\"wp-block-image size-medium\"><img loading=\"lazy\" decoding=\"async\" width=\"177\" height=\"300\" src=\"https:\/\/cardinal-mueller.com\/wp-content\/uploads\/2021\/09\/41cDP7XvDRL-177x300.jpeg\" alt=\"\" class=\"wp-image-463\" srcset=\"https:\/\/cardinal-mueller.com\/wp-content\/uploads\/2021\/09\/41cDP7XvDRL-177x300.jpeg 177w, https:\/\/cardinal-mueller.com\/wp-content\/uploads\/2021\/09\/41cDP7XvDRL.jpeg 295w\" sizes=\"(max-width: 177px) 100vw, 177px\" \/><\/figure>\n\n\n<h6><i>John Henry Newman begegnen<\/i>, Augsburg 2000.<\/h6>\n\n\n<hr class=\"wp-block-separator has-css-opacity is-style-wide\"\/>\n\n\n\n<figure class=\"wp-block-image size-medium\"><img loading=\"lazy\" decoding=\"async\" width=\"209\" height=\"300\" src=\"https:\/\/cardinal-mueller.com\/wp-content\/uploads\/2021\/09\/71ICRoNreL-209x300.jpeg\" alt=\"\" class=\"wp-image-749\" srcset=\"https:\/\/cardinal-mueller.com\/wp-content\/uploads\/2021\/09\/71ICRoNreL-209x300.jpeg 209w, https:\/\/cardinal-mueller.com\/wp-content\/uploads\/2021\/09\/71ICRoNreL-713x1024.jpeg 713w, https:\/\/cardinal-mueller.com\/wp-content\/uploads\/2021\/09\/71ICRoNreL-768x1104.jpeg 768w, https:\/\/cardinal-mueller.com\/wp-content\/uploads\/2021\/09\/71ICRoNreL.jpeg 1030w\" sizes=\"(max-width: 209px) 100vw, 209px\" \/><\/figure>\n\n\n<h6><em>Christologie &#8211; Die Lehre von Jesus Christus<\/em>, in: Wolfgang Beinert, (Hg.), Glaubenszug\u00e4nge. Lehrbuch der Katholischen Dogmatik 2, Paderborn 1995, 1-297<sup>1<\/sup>.&nbsp;<\/h6>\n\n\n<hr class=\"wp-block-separator has-css-opacity is-style-wide\"\/>\n\n\n\n<figure class=\"wp-block-image size-medium\"><img loading=\"lazy\" decoding=\"async\" width=\"225\" height=\"300\" src=\"https:\/\/cardinal-mueller.com\/wp-content\/uploads\/2021\/09\/41YtDGjomrL-225x300.jpeg\" alt=\"\" class=\"wp-image-746\" srcset=\"https:\/\/cardinal-mueller.com\/wp-content\/uploads\/2021\/09\/41YtDGjomrL-225x300.jpeg 225w, https:\/\/cardinal-mueller.com\/wp-content\/uploads\/2021\/09\/41YtDGjomrL.jpeg 360w\" sizes=\"(max-width: 225px) 100vw, 225px\" \/><\/figure>\n\n\n<h6>Lasst uns mit ihm gehen. Eucharistiefeier als Weggemeinschaft, Freiburg 1990.&nbsp;<\/h6>\n\n\n<hr class=\"wp-block-separator has-css-opacity is-style-wide\"\/>\n\n\n\n<figure class=\"wp-block-image size-medium\"><img loading=\"lazy\" decoding=\"async\" width=\"195\" height=\"300\" src=\"https:\/\/cardinal-mueller.com\/wp-content\/uploads\/2021\/09\/51j9qpG6WLL._AC_SY780_-195x300.jpg\" alt=\"\" class=\"wp-image-566\" srcset=\"https:\/\/cardinal-mueller.com\/wp-content\/uploads\/2021\/09\/51j9qpG6WLL._AC_SY780_-195x300.jpg 195w, https:\/\/cardinal-mueller.com\/wp-content\/uploads\/2021\/09\/51j9qpG6WLL._AC_SY780_.jpg 288w\" sizes=\"(max-width: 195px) 100vw, 195px\" \/><\/figure>\n\n\n<h6><em>Was<\/em>hei\u00dft.<em>&nbsp;Geboren von der Jungfrau Maria?: Eine theologische Deutung<\/em>, 1989.<\/h6>\n\n\n<hr class=\"wp-block-separator has-css-opacity is-style-wide\"\/>\n\n\n\n<figure class=\"wp-block-image size-medium\"><img loading=\"lazy\" decoding=\"async\" width=\"198\" height=\"300\" src=\"https:\/\/cardinal-mueller.com\/wp-content\/uploads\/2021\/09\/91wB1TnCvbL-198x300.jpeg\" alt=\"\" class=\"wp-image-742\" srcset=\"https:\/\/cardinal-mueller.com\/wp-content\/uploads\/2021\/09\/91wB1TnCvbL-198x300.jpeg 198w, https:\/\/cardinal-mueller.com\/wp-content\/uploads\/2021\/09\/91wB1TnCvbL-676x1024.jpeg 676w, https:\/\/cardinal-mueller.com\/wp-content\/uploads\/2021\/09\/91wB1TnCvbL-768x1163.jpeg 768w, https:\/\/cardinal-mueller.com\/wp-content\/uploads\/2021\/09\/91wB1TnCvbL-1015x1536.jpeg 1015w, https:\/\/cardinal-mueller.com\/wp-content\/uploads\/2021\/09\/91wB1TnCvbL-1353x2048.jpeg 1353w, https:\/\/cardinal-mueller.com\/wp-content\/uploads\/2021\/09\/91wB1TnCvbL.jpeg 1691w\" sizes=\"(max-width: 198px) 100vw, 198px\" \/><\/figure>\n\n\n<h6><em>Gemeinschaft und Verehrung der Heiligen. Geschichtlich-systematische Grundlegung der Hagiologie<\/em>, Freiburg 1986.&nbsp;<\/h6>\n\n\n<hr class=\"wp-block-separator has-css-opacity is-style-wide\"\/>\n\n\n\n<figure class=\"wp-block-image size-medium\"><img loading=\"lazy\" decoding=\"async\" width=\"200\" height=\"300\" src=\"https:\/\/cardinal-mueller.com\/wp-content\/uploads\/2021\/09\/41ULRFazsGL-200x300.jpeg\" alt=\"\" class=\"wp-image-465\" srcset=\"https:\/\/cardinal-mueller.com\/wp-content\/uploads\/2021\/09\/41ULRFazsGL-200x300.jpeg 200w, https:\/\/cardinal-mueller.com\/wp-content\/uploads\/2021\/09\/41ULRFazsGL.jpeg 333w\" sizes=\"(max-width: 200px) 100vw, 200px\" \/><\/figure>\n\n\n<h6><i>Bonhoeffers Theologie der Sakramente<\/i>, Frankfurt am Main 1979.<\/h6>\n\n\n<hr class=\"wp-block-separator has-css-opacity is-style-wide\"\/>\n\n\n\n<p><\/p>\n","protected":false},"excerpt":{"rendered":"<p>Gottes Gegenwart in Welt und Sakrament,\u00a0Freiburg im Breisgau 2023. Das Wunder der Unsterblichkeit,\u00a0Freiburg im Breisgau 2021. Was ist katholisch?, Freiburg im Breisgau 2021. Der Glaube an Gott im s\u00e4kularen Zeitalter, Freiburg im Breisgau 2020. Wahrheit. Die DNA der Kirche. Ein Gespr\u00e4ch. fe-Medienverlag, Ki\u00dflegg 2020. R\u00f6mische Begegnungen, Freiburg im Breisgau 2019. &#8222;Ihr sollt ein Segen sein\u201c. [&hellip;]<\/p>\n","protected":false},"author":1,"featured_media":0,"parent":263,"menu_order":1,"comment_status":"closed","ping_status":"closed","template":"","meta":{"footnotes":""},"class_list":["post-275","page","type-page","status-publish","hentry"],"wps_subtitle":"","_links":{"self":[{"href":"https:\/\/cardinal-mueller.com\/index.php\/wp-json\/wp\/v2\/pages\/275","targetHints":{"allow":["GET"]}}],"collection":[{"href":"https:\/\/cardinal-mueller.com\/index.php\/wp-json\/wp\/v2\/pages"}],"about":[{"href":"https:\/\/cardinal-mueller.com\/index.php\/wp-json\/wp\/v2\/types\/page"}],"author":[{"embeddable":true,"href":"https:\/\/cardinal-mueller.com\/index.php\/wp-json\/wp\/v2\/users\/1"}],"replies":[{"embeddable":true,"href":"https:\/\/cardinal-mueller.com\/index.php\/wp-json\/wp\/v2\/comments?post=275"}],"version-history":[{"count":72,"href":"https:\/\/cardinal-mueller.com\/index.php\/wp-json\/wp\/v2\/pages\/275\/revisions"}],"predecessor-version":[{"id":1287,"href":"https:\/\/cardinal-mueller.com\/index.php\/wp-json\/wp\/v2\/pages\/275\/revisions\/1287"}],"up":[{"embeddable":true,"href":"https:\/\/cardinal-mueller.com\/index.php\/wp-json\/wp\/v2\/pages\/263"}],"wp:attachment":[{"href":"https:\/\/cardinal-mueller.com\/index.php\/wp-json\/wp\/v2\/media?parent=275"}],"curies":[{"name":"wp","href":"https:\/\/api.w.org\/{rel}","templated":true}]}}