{"id":273,"date":"2021-09-21T20:25:22","date_gmt":"2021-09-21T18:25:22","guid":{"rendered":"https:\/\/cardinal-mueller.com\/?page_id=273"},"modified":"2022-03-26T09:06:55","modified_gmt":"2022-03-26T08:06:55","slug":"homilies","status":"publish","type":"page","link":"https:\/\/cardinal-mueller.com\/index.php\/homilies\/","title":{"rendered":"Homilies"},"content":{"rendered":"\n<div class=\"wp-block-file\"><a id=\"wp-block-file--media-dadafaea-190a-4949-8592-bfb6db477343\" href=\"https:\/\/cardinal-mueller.com\/wp-content\/uploads\/2022\/03\/Kazanie-na-Uroczystosc-Zwiastowania-Panskiego-w-Lezajsku-25322.pdf\">Kazanie na Uroczysto\u015b\u0107 Zwiastowania Pa\u0144skiego (Le\u017cajsk, 25.3.22)<\/a><a href=\"https:\/\/cardinal-mueller.com\/wp-content\/uploads\/2022\/03\/Kazanie-na-Uroczystosc-Zwiastowania-Panskiego-w-Lezajsku-25322.pdf\" class=\"wp-block-file__button\" download aria-describedby=\"wp-block-file--media-dadafaea-190a-4949-8592-bfb6db477343\">Download<\/a><\/div>\n\n\n\n<hr class=\"wp-block-separator is-style-wide\"\/>\n\n\n\n<figure class=\"wp-block-embed is-type-video is-provider-youtube wp-block-embed-youtube wp-embed-aspect-16-9 wp-has-aspect-ratio\"><div class=\"wp-block-embed__wrapper\">\n<iframe title=\"Cardinal Muller Homily 10\/31\/21\" width=\"640\" height=\"360\" src=\"https:\/\/www.youtube.com\/embed\/gAB7ZDDMtWg?feature=oembed\" frameborder=\"0\" allow=\"accelerometer; autoplay; clipboard-write; encrypted-media; gyroscope; picture-in-picture; web-share\" referrerpolicy=\"strict-origin-when-cross-origin\" allowfullscreen><\/iframe>\n<\/div><figcaption>Saint Mary Parish Littleton, CO (31.10.2021).<\/figcaption><\/figure>\n\n\n\n<hr class=\"wp-block-separator is-style-wide\"\/>\n\n\n\n<figure class=\"wp-block-embed is-type-video is-provider-youtube wp-block-embed-youtube wp-embed-aspect-16-9 wp-has-aspect-ratio\"><div class=\"wp-block-embed__wrapper\">\nhttps:\/\/www.youtube.com\/watch?v=6sI22r49_4o&#038;list=PLw-jEpR-AF0-rBkcsqfEtuPddJumup6Qi&#038;index=18\n<\/div><figcaption>Cardinal Mueller homily (02.01.2020).<\/figcaption><\/figure>\n\n\n\n<hr class=\"wp-block-separator is-style-wide\"\/>\n\n\n\n<figure class=\"wp-block-embed is-type-video is-provider-youtube wp-block-embed-youtube wp-embed-aspect-16-9 wp-has-aspect-ratio\"><div class=\"wp-block-embed__wrapper\">\n<iframe title=\"O. Pio kontynuowa\u0142 dzie\u0142o Chrystusa - kard. Gerhard M\u00fcller (22.09.2019)\" width=\"640\" height=\"360\" src=\"https:\/\/www.youtube.com\/embed\/N5U2FPYpMPw?feature=oembed\" frameborder=\"0\" allow=\"accelerometer; autoplay; clipboard-write; encrypted-media; gyroscope; picture-in-picture; web-share\" referrerpolicy=\"strict-origin-when-cross-origin\" allowfullscreen><\/iframe>\n<\/div><figcaption>O. Pio kontynuowa\u0142 dzie\u0142o Chrystusa &#8211; kard. Gerhard M\u00fcller (22.09.2019)<\/figcaption><\/figure>\n\n\n\n<hr class=\"wp-block-separator is-style-wide\"\/>\n\n\n\n<figure class=\"wp-block-embed is-type-video is-provider-youtube wp-block-embed-youtube wp-embed-aspect-16-9 wp-has-aspect-ratio\"><div class=\"wp-block-embed__wrapper\">\n<iframe title=\"Przem\u00f3wienie ks. kard. Gerharda Ludwiga M\u00fcllera wyg\u0142oszone z okazji X Hubertusa w W\u0119growie\" width=\"640\" height=\"360\" src=\"https:\/\/www.youtube.com\/embed\/wKKjomVxshk?feature=oembed\" frameborder=\"0\" allow=\"accelerometer; autoplay; clipboard-write; encrypted-media; gyroscope; picture-in-picture; web-share\" referrerpolicy=\"strict-origin-when-cross-origin\" allowfullscreen><\/iframe>\n<\/div><figcaption>Homilia ks. kard. Gerharda Ludwiga M\u00fcllera wyg\u0142oszone z okazji X Hubertusa w W\u0119growie (15.10.2018).<\/figcaption><\/figure>\n\n\n\n<hr class=\"wp-block-separator is-style-wide\"\/>\n\n\n\n<figure class=\"wp-block-embed is-type-video is-provider-youtube wp-block-embed-youtube wp-embed-aspect-16-9 wp-has-aspect-ratio\"><div class=\"wp-block-embed__wrapper\">\n<iframe title=\"Przes\u0142anie kardyna\u0142a Gerharda Mullera do Polak\u00f3w, Wigry, 15.08.2018.\" width=\"640\" height=\"360\" src=\"https:\/\/www.youtube.com\/embed\/O9ZuIHxwMPs?feature=oembed\" frameborder=\"0\" allow=\"accelerometer; autoplay; clipboard-write; encrypted-media; gyroscope; picture-in-picture; web-share\" referrerpolicy=\"strict-origin-when-cross-origin\" allowfullscreen><\/iframe>\n<\/div><figcaption>Przes\u0142anie kardyna\u0142a Gerharda Mullera do Polak\u00f3w, Wigry (15.08.2018).<\/figcaption><\/figure>\n\n\n\n<hr class=\"wp-block-separator is-style-wide\"\/>\n\n\n\n<figure class=\"wp-block-embed is-type-video is-provider-youtube wp-block-embed-youtube wp-embed-aspect-16-9 wp-has-aspect-ratio\"><div class=\"wp-block-embed__wrapper\">\n<iframe title=\"Homilia  ks. Kard.  Gerharda Ludwiga M\u00fcllera wyg\u0142oszona w Myszy\u0144cu\" width=\"640\" height=\"360\" src=\"https:\/\/www.youtube.com\/embed\/iIZyO3CdCG4?feature=oembed\" frameborder=\"0\" allow=\"accelerometer; autoplay; clipboard-write; encrypted-media; gyroscope; picture-in-picture; web-share\" referrerpolicy=\"strict-origin-when-cross-origin\" allowfullscreen><\/iframe>\n<\/div><figcaption>Homilia ks. Kard. Gerharda Ludwiga M\u00fcllera wyg\u0142oszona w Myszy\u0144cu (14.06.2014)<\/figcaption><\/figure>\n\n\n\n<hr class=\"wp-block-separator is-style-wide\"\/>\n","protected":false},"excerpt":{"rendered":"","protected":false},"author":1,"featured_media":0,"parent":0,"menu_order":5,"comment_status":"closed","ping_status":"closed","template":"","meta":{"footnotes":""},"class_list":["post-273","page","type-page","status-publish","hentry"],"wps_subtitle":"","_links":{"self":[{"href":"https:\/\/cardinal-mueller.com\/index.php\/wp-json\/wp\/v2\/pages\/273","targetHints":{"allow":["GET"]}}],"collection":[{"href":"https:\/\/cardinal-mueller.com\/index.php\/wp-json\/wp\/v2\/pages"}],"about":[{"href":"https:\/\/cardinal-mueller.com\/index.php\/wp-json\/wp\/v2\/types\/page"}],"author":[{"embeddable":true,"href":"https:\/\/cardinal-mueller.com\/index.php\/wp-json\/wp\/v2\/users\/1"}],"replies":[{"embeddable":true,"href":"https:\/\/cardinal-mueller.com\/index.php\/wp-json\/wp\/v2\/comments?post=273"}],"version-history":[{"count":10,"href":"https:\/\/cardinal-mueller.com\/index.php\/wp-json\/wp\/v2\/pages\/273\/revisions"}],"predecessor-version":[{"id":1255,"href":"https:\/\/cardinal-mueller.com\/index.php\/wp-json\/wp\/v2\/pages\/273\/revisions\/1255"}],"wp:attachment":[{"href":"https:\/\/cardinal-mueller.com\/index.php\/wp-json\/wp\/v2\/media?parent=273"}],"curies":[{"name":"wp","href":"https:\/\/api.w.org\/{rel}","templated":true}]}}